{"id":587,"date":"2013-11-07T06:20:27","date_gmt":"2013-11-07T06:20:27","guid":{"rendered":"https:\/\/emisora.univalle.edu.co\/\/?page_id=587"},"modified":"2024-02-23T09:07:52","modified_gmt":"2024-02-23T14:07:52","slug":"antologia-de-la-musica-cubana","status":"publish","type":"page","link":"https:\/\/emisora.univalle.edu.co\/index.php\/antologia-de-la-musica-cubana\/","title":{"rendered":"Antolog\u00eda de la M\u00fasica Cubana"},"content":{"rendered":"<p>En este programa se tratan\u00a0temas\u00a0de la cultura cubana, adem\u00e1s de sus\u00a0artistas: autores, compositores, cantantes, m\u00fasicos, agrupaciones y g\u00e9neros musicales; su gastronom\u00eda,\u00a0geograf\u00eda, personajes, su humor y picarezca, poes\u00eda, declamaci\u00f3n, etc. dentro de rese\u00f1as biogr\u00e1ficas y an\u00e9cdotas.<\/p>\n<p>El concepto con el cual se maneja el programa permite la escucha y disfrute de todo tipo de oyentes: el diletante, el desprevenido, el coleccionista o mel\u00f3mano. Antolog\u00eda de la M\u00fasica Cubana \u00a0se emite\u00a0todos los\u00a0s\u00e1bados de 8:00 a 9:00 PM.\u00a0 Dirige Eliher Hern\u00e1ndez.<\/p>\n","protected":false},"excerpt":{"rendered":"<p>En este programa se tratan\u00a0temas\u00a0de la cultura cubana, adem\u00e1s de sus\u00a0artistas: autores, compositores, cantantes, m\u00fasicos, agrupaciones y g\u00e9neros musicales; su gastronom\u00eda,\u00a0geograf\u00eda, personajes, su humor y picarezca, poes\u00eda, declamaci\u00f3n, etc. dentro de rese\u00f1as biogr\u00e1ficas y an\u00e9cdotas. El concepto con el cual se maneja el programa permite la escucha y disfrute de[&#8230;]<\/p>\n","protected":false},"author":1,"featured_media":17973,"parent":0,"menu_order":0,"comment_status":"closed","ping_status":"open","template":"","meta":{"footnotes":""},"_links":{"self":[{"href":"https:\/\/emisora.univalle.edu.co\/index.php\/wp-json\/wp\/v2\/pages\/587"}],"collection":[{"href":"https:\/\/emisora.univalle.edu.co\/index.php\/wp-json\/wp\/v2\/pages"}],"about":[{"href":"https:\/\/emisora.univalle.edu.co\/index.php\/wp-json\/wp\/v2\/types\/page"}],"author":[{"embeddable":true,"href":"https:\/\/emisora.univalle.edu.co\/index.php\/wp-json\/wp\/v2\/users\/1"}],"replies":[{"embeddable":true,"href":"https:\/\/emisora.univalle.edu.co\/index.php\/wp-json\/wp\/v2\/comments?post=587"}],"version-history":[{"count":15,"href":"https:\/\/emisora.univalle.edu.co\/index.php\/wp-json\/wp\/v2\/pages\/587\/revisions"}],"predecessor-version":[{"id":22925,"href":"https:\/\/emisora.univalle.edu.co\/index.php\/wp-json\/wp\/v2\/pages\/587\/revisions\/22925"}],"wp:featuredmedia":[{"embeddable":true,"href":"https:\/\/emisora.univalle.edu.co\/index.php\/wp-json\/wp\/v2\/media\/17973"}],"wp:attachment":[{"href":"https:\/\/emisora.univalle.edu.co\/index.php\/wp-json\/wp\/v2\/media?parent=587"}],"curies":[{"name":"wp","href":"https:\/\/api.w.org\/{rel}","templated":true}]}}