{"id":613,"date":"2013-11-07T06:27:11","date_gmt":"2013-11-07T06:27:11","guid":{"rendered":"https:\/\/emisora.univalle.edu.co\/\/?page_id=613"},"modified":"2017-04-12T09:22:21","modified_gmt":"2017-04-12T14:22:21","slug":"melomanos","status":"publish","type":"page","link":"https:\/\/emisora.univalle.edu.co\/index.php\/melomanos\/","title":{"rendered":"Mel\u00f3manos"},"content":{"rendered":"<p style=\"text-align: justify;\">El m\u00e1s novel de los pro\u00adgra\u00admas de la fran\u00adja de los lunes fes\u00adti\u00advos, como uno de los pre\u00adfe\u00adri\u00addos de la au\u00addien\u00adcia logr\u00f3 el pro\u00adp\u00f3\u00adsi\u00adto que ins\u00adpi\u00adr\u00f3 su crea\u00adci\u00f3n: Di\u00adna\u00admi\u00adzar la ca\u00adpa\u00adci\u00addad his\u00adtri\u00f3\u00adni\u00adca del me\u00adl\u00f3\u00admano na\u00adtu\u00adral que le gusta y dis\u00adfru\u00adta es\u00adcu\u00adchan\u00addo y ta\u00adra\u00adrean\u00addo las di\u00ads\u00ed\u00admi\u00adles in\u00adter\u00adpre\u00adta\u00adcio\u00adnes de sus afec\u00adtos.<\/p>\n<p style=\"text-align: justify;\">Con total am\u00adpli\u00adtud de g\u00e9\u00adne\u00adros y con la cuota per\u00adma\u00adnen\u00adte de la pro\u00adduc\u00adci\u00f3n co\u00adlom\u00adbia\u00adna; se di\u00adfun\u00adde el es\u00adpec\u00adtro mul\u00adti\u00adco\u00adlor uni\u00adver\u00adsal mu\u00adsi\u00adcal que puede ir desde una Ro\u00adman\u00adza, habanera, Can\u00adci\u00f3n, Bo\u00adle\u00adro, Crio\u00adlla, Dan\u00adz\u00f3n, Tango, Pa\u00adsi\u00adllo, Cum\u00adbia, Cu\u00adrru\u00adlao, etc.\u2026 hasta la fu\u00adsi\u00f3n o h\u00ed\u00adbri\u00addo m\u00e1s in\u00adsos\u00adpe\u00adcha\u00addo. No exis\u00adte l\u00ed\u00admi\u00adte ni cen\u00adsu\u00adra al\u00adgu\u00adna al\u00a0mo\u00admen\u00adto de la se\u00adlec\u00adci\u00f3n de las com\u00adpo\u00adsi\u00adcio\u00adnes a di\u00adfun\u00addir.<\/p>\n<p style=\"text-align: justify;\">Las opi\u00adnio\u00adnes re\u00adci\u00adbi\u00addas v\u00eda te\u00adle\u00adf\u00f3\u00adni\u00adca por los oyen\u00adtes tes\u00adti\u00admo\u00adnian el agra\u00addo y acep\u00adta\u00adci\u00f3n a la pro\u00adpues\u00adta de la que re\u00adsal\u00adtan el hecho del valor que e\u00a0im\u00adpor\u00adtan\u00adcia que se le da al ar\u00adtis\u00adta y a los aires co\u00adlom\u00adbia\u00adnos, pre\u00adci\u00adsa\u00admen\u00adte por\u00adque la m\u00fa\u00adsi\u00adca es el len\u00adgua\u00adje uni\u00adver\u00adsal de la hu\u00adma\u00adni\u00addad, sin fron\u00adte\u00adras ni ba\u00adrre\u00adras co\u00adno\u00adci\u00addas.<\/p>\n<p style=\"text-align: justify;\">La m\u00fa\u00adsi\u00adca, ade\u00adm\u00e1s, cons\u00adti\u00adtuir una in\u00adde\u00adle\u00adble hue\u00adlla de ex\u00adpre\u00adsi\u00f3n de los pue\u00adblos que queda re\u00adgis\u00adtra\u00adda a tra\u00adv\u00e9s de los a\u00f1os para ser le\u00edda, es\u00adtu\u00addia\u00adda y dada a co\u00adno\u00adcer a las nue\u00advas ge\u00adne\u00adra\u00adcio\u00adnes.<\/p>\n<p style=\"text-align: justify;\">Mel\u00f3manos se emite los\u00a0<strong>lunes Fes\u00adti\u00advos a las 11 am<\/strong>, bajo la pro\u00adduc\u00adci\u00f3n y rea\u00adli\u00adza\u00adci\u00f3n de Or\u00adlan\u00addo En\u00adri\u00adque Mon\u00adte\u00adne\u00adgro Rolon.<\/p>\n","protected":false},"excerpt":{"rendered":"<p>El m\u00e1s novel de los pro\u00adgra\u00admas de la fran\u00adja de los lunes fes\u00adti\u00advos, como uno de los pre\u00adfe\u00adri\u00addos de la au\u00addien\u00adcia logr\u00f3 el pro\u00adp\u00f3\u00adsi\u00adto que ins\u00adpi\u00adr\u00f3 su crea\u00adci\u00f3n: Di\u00adna\u00admi\u00adzar la ca\u00adpa\u00adci\u00addad his\u00adtri\u00f3\u00adni\u00adca del me\u00adl\u00f3\u00admano na\u00adtu\u00adral que le gusta y dis\u00adfru\u00adta es\u00adcu\u00adchan\u00addo y ta\u00adra\u00adrean\u00addo las di\u00ads\u00ed\u00admi\u00adles in\u00adter\u00adpre\u00adta\u00adcio\u00adnes de sus afec\u00adtos. Con[&#8230;]<\/p>\n","protected":false},"author":1,"featured_media":0,"parent":0,"menu_order":0,"comment_status":"closed","ping_status":"open","template":"","meta":{"footnotes":""},"_links":{"self":[{"href":"https:\/\/emisora.univalle.edu.co\/index.php\/wp-json\/wp\/v2\/pages\/613"}],"collection":[{"href":"https:\/\/emisora.univalle.edu.co\/index.php\/wp-json\/wp\/v2\/pages"}],"about":[{"href":"https:\/\/emisora.univalle.edu.co\/index.php\/wp-json\/wp\/v2\/types\/page"}],"author":[{"embeddable":true,"href":"https:\/\/emisora.univalle.edu.co\/index.php\/wp-json\/wp\/v2\/users\/1"}],"replies":[{"embeddable":true,"href":"https:\/\/emisora.univalle.edu.co\/index.php\/wp-json\/wp\/v2\/comments?post=613"}],"version-history":[{"count":5,"href":"https:\/\/emisora.univalle.edu.co\/index.php\/wp-json\/wp\/v2\/pages\/613\/revisions"}],"predecessor-version":[{"id":18013,"href":"https:\/\/emisora.univalle.edu.co\/index.php\/wp-json\/wp\/v2\/pages\/613\/revisions\/18013"}],"wp:attachment":[{"href":"https:\/\/emisora.univalle.edu.co\/index.php\/wp-json\/wp\/v2\/media?parent=613"}],"curies":[{"name":"wp","href":"https:\/\/api.w.org\/{rel}","templated":true}]}}